{"version":"1.0","provider_name":"Promarca","provider_url":"https:\/\/www.promarca.ch\/fr\/","author_name":"Nathalie","author_url":"https:\/\/www.promarca.ch\/fr\/author\/redakteur\/","title":"Frederic Haas - Promarca","type":"rich","width":600,"height":338,"html":"<blockquote class=\"wp-embedded-content\" data-secret=\"C6aAeY2H1v\"><a href=\"https:\/\/www.promarca.ch\/fr\/referent\/frederic-haas\/\">Frederic Haas<\/a><\/blockquote><iframe sandbox=\"allow-scripts\" security=\"restricted\" src=\"https:\/\/www.promarca.ch\/fr\/referent\/frederic-haas\/embed\/#?secret=C6aAeY2H1v\" width=\"600\" height=\"338\" title=\"\u00ab\u00a0Frederic Haas\u00a0\u00bb &#8212; Promarca\" data-secret=\"C6aAeY2H1v\" frameborder=\"0\" marginwidth=\"0\" marginheight=\"0\" scrolling=\"no\" class=\"wp-embedded-content\"><\/iframe><script type=\"text\/javascript\">\n\/* <![CDATA[ *\/\n\/*! This file is auto-generated *\/\n!function(d,l){\"use strict\";l.querySelector&&d.addEventListener&&\"undefined\"!=typeof URL&&(d.wp=d.wp||{},d.wp.receiveEmbedMessage||(d.wp.receiveEmbedMessage=function(e){var t=e.data;if((t||t.secret||t.message||t.value)&&!\/[^a-zA-Z0-9]\/.test(t.secret)){for(var s,r,n,a=l.querySelectorAll('iframe[data-secret=\"'+t.secret+'\"]'),o=l.querySelectorAll('blockquote[data-secret=\"'+t.secret+'\"]'),c=new RegExp(\"^https?:$\",\"i\"),i=0;i<o.length;i++)o[i].style.display=\"none\";for(i=0;i<a.length;i++)s=a[i],e.source===s.contentWindow&&(s.removeAttribute(\"style\"),\"height\"===t.message?(1e3<(r=parseInt(t.value,10))?r=1e3:~~r<200&&(r=200),s.height=r):\"link\"===t.message&&(r=new URL(s.getAttribute(\"src\")),n=new URL(t.value),c.test(n.protocol))&&n.host===r.host&&l.activeElement===s&&(d.top.location.href=t.value))}},d.addEventListener(\"message\",d.wp.receiveEmbedMessage,!1),l.addEventListener(\"DOMContentLoaded\",function(){for(var e,t,s=l.querySelectorAll(\"iframe.wp-embedded-content\"),r=0;r<s.length;r++)(t=(e=s[r]).getAttribute(\"data-secret\"))||(t=Math.random().toString(36).substring(2,12),e.src+=\"#?secret=\"+t,e.setAttribute(\"data-secret\",t)),e.contentWindow.postMessage({message:\"ready\",secret:t},\"*\")},!1)))}(window,document);\n\/\/# sourceURL=https:\/\/www.promarca.ch\/wp-includes\/js\/wp-embed.min.js\n\/* ]]> *\/\n<\/script>\n","thumbnail_url":"https:\/\/www.promarca.ch\/wp-content\/uploads\/2021\/08\/Frederic-Haas_Country-Manager_Danone-Waters_Evian-Volvic-Schweiz_-scaled.jpg","thumbnail_width":2560,"thumbnail_height":1709,"description":"Evian-Volvic Suisse s\u2019est fix\u00e9 pour objectif de concilier croissance durable et impact positif sur la soci\u00e9t\u00e9 et la nature. Il est certain qu\u2019une eau min\u00e9rale de qualit\u00e9 prend sa source dans une nature saine et pr\u00e9serv\u00e9e, mais Evian-Volvic Suisse nourrit \u00e9galement la conviction profonde que les entreprises ont le devoir d\u2019utiliser leurs activit\u00e9s commerciales pour [&hellip;]"}

Evian-Volvic Suisse s’est fixé pour objectif de concilier croissance durable et impact positif sur la société et la nature. Il est certain qu’une eau minérale de qualité prend sa source dans une nature saine et préservée, mais Evian-Volvic Suisse nourrit également la conviction profonde que les entreprises ont le devoir d’utiliser leurs activités commerciales pour [&hellip;]
