{"id":8145,"date":"2020-07-15T09:57:12","date_gmt":"2020-07-15T09:57:12","guid":{"rendered":"https:\/\/www.promarca.ch\/?post_type=referent&#038;p=8145"},"modified":"2020-08-25T13:50:55","modified_gmt":"2020-08-25T13:50:55","slug":"christian-baudis","status":"publish","type":"referent","link":"https:\/\/www.promarca.ch\/fr\/referent\/christian-baudis\/","title":{"rendered":"Christian Baudis"},"content":{"rendered":"<p>Christian Baudis est l\u2019heureux fondateur de plusieurs start-up europ\u00e9ennes. Il a exerc\u00e9 pendant plus de 20 ans des fonctions de CEO dans le secteur europ\u00e9en des m\u00e9dias et d\u2019Internet. Christian Baudis est administrateur de la Goethe Business School (GBS) de Francfort-sur-le-Main, membre de la commission consultative et professeur h\u00f4te du MBA propos\u00e9 par l\u2019\u00e9cole en transformation num\u00e9rique. Il a \u00e9tudi\u00e9 le management international \u00e0 l\u2019universit\u00e9 Luigi Bocconi de Milan, puis \u00e0 l\u2019universit\u00e9 Johann Wolfgang Goethe de Francfort. En 2014, il a fond\u00e9 My Digital, une soci\u00e9t\u00e9 d\u2019innovation num\u00e9rique qui aide les entreprises et les investisseurs \u00e0 r\u00e9ussir le tournant du num\u00e9rique.<\/p>\n","protected":false},"featured_media":3886,"template":"","class_list":["post-8145","referent","type-referent","status-publish","has-post-thumbnail","hentry"],"yoast_head":"<!-- This site is optimized with the Yoast SEO plugin v27.5 - https:\/\/yoast.com\/product\/yoast-seo-wordpress\/ -->\n<title>Christian Baudis - Promarca<\/title>\n<meta name=\"robots\" content=\"index, follow, max-snippet:-1, max-image-preview:large, max-video-preview:-1\" \/>\n<link rel=\"canonical\" href=\"https:\/\/www.promarca.ch\/fr\/referent\/christian-baudis\/\" \/>\n<meta property=\"og:locale\" content=\"fr_FR\" \/>\n<meta property=\"og:type\" content=\"article\" \/>\n<meta property=\"og:title\" content=\"Christian Baudis - Promarca\" \/>\n<meta property=\"og:description\" content=\"Christian Baudis est l\u2019heureux fondateur de plusieurs start-up europ\u00e9ennes. Il a exerc\u00e9 pendant plus de 20 ans des fonctions de CEO dans le secteur europ\u00e9en des m\u00e9dias et d\u2019Internet. Christian Baudis est administrateur de la Goethe Business School (GBS) de Francfort-sur-le-Main, membre de la commission consultative et professeur h\u00f4te du MBA propos\u00e9 par l\u2019\u00e9cole en [&hellip;]\" \/>\n<meta property=\"og:url\" content=\"https:\/\/www.promarca.ch\/fr\/referent\/christian-baudis\/\" \/>\n<meta property=\"og:site_name\" content=\"Promarca\" \/>\n<meta property=\"article:modified_time\" content=\"2020-08-25T13:50:55+00:00\" \/>\n<meta property=\"og:image\" content=\"https:\/\/www.promarca.ch\/wp-content\/uploads\/2020\/05\/Christian_Baudis.jpg\" \/>\n\t<meta property=\"og:image:width\" content=\"2000\" \/>\n\t<meta property=\"og:image:height\" content=\"1501\" \/>\n\t<meta property=\"og:image:type\" content=\"image\/jpeg\" \/>\n<meta name=\"twitter:card\" content=\"summary_large_image\" \/>\n<meta name=\"twitter:label1\" content=\"Dur\u00e9e de lecture estim\u00e9e\" \/>\n\t<meta name=\"twitter:data1\" content=\"1 minute\" \/>\n<script type=\"application\/ld+json\" class=\"yoast-schema-graph\">{\"@context\":\"https:\\\/\\\/schema.org\",\"@graph\":[{\"@type\":\"WebPage\",\"@id\":\"https:\\\/\\\/www.promarca.ch\\\/fr\\\/referent\\\/christian-baudis\\\/\",\"url\":\"https:\\\/\\\/www.promarca.ch\\\/fr\\\/referent\\\/christian-baudis\\\/\",\"name\":\"Christian Baudis - Promarca\",\"isPartOf\":{\"@id\":\"https:\\\/\\\/www.promarca.ch\\\/fr\\\/#website\"},\"primaryImageOfPage\":{\"@id\":\"https:\\\/\\\/www.promarca.ch\\\/fr\\\/referent\\\/christian-baudis\\\/#primaryimage\"},\"image\":{\"@id\":\"https:\\\/\\\/www.promarca.ch\\\/fr\\\/referent\\\/christian-baudis\\\/#primaryimage\"},\"thumbnailUrl\":\"https:\\\/\\\/www.promarca.ch\\\/wp-content\\\/uploads\\\/2020\\\/05\\\/Christian_Baudis.jpg\",\"datePublished\":\"2020-07-15T09:57:12+00:00\",\"dateModified\":\"2020-08-25T13:50:55+00:00\",\"breadcrumb\":{\"@id\":\"https:\\\/\\\/www.promarca.ch\\\/fr\\\/referent\\\/christian-baudis\\\/#breadcrumb\"},\"inLanguage\":\"fr-FR\",\"potentialAction\":[{\"@type\":\"ReadAction\",\"target\":[\"https:\\\/\\\/www.promarca.ch\\\/fr\\\/referent\\\/christian-baudis\\\/\"]}]},{\"@type\":\"ImageObject\",\"inLanguage\":\"fr-FR\",\"@id\":\"https:\\\/\\\/www.promarca.ch\\\/fr\\\/referent\\\/christian-baudis\\\/#primaryimage\",\"url\":\"https:\\\/\\\/www.promarca.ch\\\/wp-content\\\/uploads\\\/2020\\\/05\\\/Christian_Baudis.jpg\",\"contentUrl\":\"https:\\\/\\\/www.promarca.ch\\\/wp-content\\\/uploads\\\/2020\\\/05\\\/Christian_Baudis.jpg\",\"width\":2000,\"height\":1501},{\"@type\":\"BreadcrumbList\",\"@id\":\"https:\\\/\\\/www.promarca.ch\\\/fr\\\/referent\\\/christian-baudis\\\/#breadcrumb\",\"itemListElement\":[{\"@type\":\"ListItem\",\"position\":1,\"name\":\"Home\",\"item\":\"https:\\\/\\\/www.promarca.ch\\\/fr\\\/\"},{\"@type\":\"ListItem\",\"position\":2,\"name\":\"Referenten\",\"item\":\"https:\\\/\\\/www.promarca.ch\\\/fr\\\/referent\\\/\"},{\"@type\":\"ListItem\",\"position\":3,\"name\":\"Christian Baudis\"}]},{\"@type\":\"WebSite\",\"@id\":\"https:\\\/\\\/www.promarca.ch\\\/fr\\\/#website\",\"url\":\"https:\\\/\\\/www.promarca.ch\\\/fr\\\/\",\"name\":\"Promarca\",\"description\":\"Schweizerischer Markenartikelverband\",\"potentialAction\":[{\"@type\":\"SearchAction\",\"target\":{\"@type\":\"EntryPoint\",\"urlTemplate\":\"https:\\\/\\\/www.promarca.ch\\\/fr\\\/?s={search_term_string}\"},\"query-input\":{\"@type\":\"PropertyValueSpecification\",\"valueRequired\":true,\"valueName\":\"search_term_string\"}}],\"inLanguage\":\"fr-FR\"}]}<\/script>\n<!-- \/ Yoast SEO plugin. -->","yoast_head_json":{"title":"Christian Baudis - Promarca","robots":{"index":"index","follow":"follow","max-snippet":"max-snippet:-1","max-image-preview":"max-image-preview:large","max-video-preview":"max-video-preview:-1"},"canonical":"https:\/\/www.promarca.ch\/fr\/referent\/christian-baudis\/","og_locale":"fr_FR","og_type":"article","og_title":"Christian Baudis - Promarca","og_description":"Christian Baudis est l\u2019heureux fondateur de plusieurs start-up europ\u00e9ennes. Il a exerc\u00e9 pendant plus de 20 ans des fonctions de CEO dans le secteur europ\u00e9en des m\u00e9dias et d\u2019Internet. Christian Baudis est administrateur de la Goethe Business School (GBS) de Francfort-sur-le-Main, membre de la commission consultative et professeur h\u00f4te du MBA propos\u00e9 par l\u2019\u00e9cole en [&hellip;]","og_url":"https:\/\/www.promarca.ch\/fr\/referent\/christian-baudis\/","og_site_name":"Promarca","article_modified_time":"2020-08-25T13:50:55+00:00","og_image":[{"width":2000,"height":1501,"url":"https:\/\/www.promarca.ch\/wp-content\/uploads\/2020\/05\/Christian_Baudis.jpg","type":"image\/jpeg"}],"twitter_card":"summary_large_image","twitter_misc":{"Dur\u00e9e de lecture estim\u00e9e":"1 minute"},"schema":{"@context":"https:\/\/schema.org","@graph":[{"@type":"WebPage","@id":"https:\/\/www.promarca.ch\/fr\/referent\/christian-baudis\/","url":"https:\/\/www.promarca.ch\/fr\/referent\/christian-baudis\/","name":"Christian Baudis - Promarca","isPartOf":{"@id":"https:\/\/www.promarca.ch\/fr\/#website"},"primaryImageOfPage":{"@id":"https:\/\/www.promarca.ch\/fr\/referent\/christian-baudis\/#primaryimage"},"image":{"@id":"https:\/\/www.promarca.ch\/fr\/referent\/christian-baudis\/#primaryimage"},"thumbnailUrl":"https:\/\/www.promarca.ch\/wp-content\/uploads\/2020\/05\/Christian_Baudis.jpg","datePublished":"2020-07-15T09:57:12+00:00","dateModified":"2020-08-25T13:50:55+00:00","breadcrumb":{"@id":"https:\/\/www.promarca.ch\/fr\/referent\/christian-baudis\/#breadcrumb"},"inLanguage":"fr-FR","potentialAction":[{"@type":"ReadAction","target":["https:\/\/www.promarca.ch\/fr\/referent\/christian-baudis\/"]}]},{"@type":"ImageObject","inLanguage":"fr-FR","@id":"https:\/\/www.promarca.ch\/fr\/referent\/christian-baudis\/#primaryimage","url":"https:\/\/www.promarca.ch\/wp-content\/uploads\/2020\/05\/Christian_Baudis.jpg","contentUrl":"https:\/\/www.promarca.ch\/wp-content\/uploads\/2020\/05\/Christian_Baudis.jpg","width":2000,"height":1501},{"@type":"BreadcrumbList","@id":"https:\/\/www.promarca.ch\/fr\/referent\/christian-baudis\/#breadcrumb","itemListElement":[{"@type":"ListItem","position":1,"name":"Home","item":"https:\/\/www.promarca.ch\/fr\/"},{"@type":"ListItem","position":2,"name":"Referenten","item":"https:\/\/www.promarca.ch\/fr\/referent\/"},{"@type":"ListItem","position":3,"name":"Christian Baudis"}]},{"@type":"WebSite","@id":"https:\/\/www.promarca.ch\/fr\/#website","url":"https:\/\/www.promarca.ch\/fr\/","name":"Promarca","description":"Schweizerischer Markenartikelverband","potentialAction":[{"@type":"SearchAction","target":{"@type":"EntryPoint","urlTemplate":"https:\/\/www.promarca.ch\/fr\/?s={search_term_string}"},"query-input":{"@type":"PropertyValueSpecification","valueRequired":true,"valueName":"search_term_string"}}],"inLanguage":"fr-FR"}]}},"_links":{"self":[{"href":"https:\/\/www.promarca.ch\/fr\/wp-json\/wp\/v2\/referent\/8145","targetHints":{"allow":["GET"]}}],"collection":[{"href":"https:\/\/www.promarca.ch\/fr\/wp-json\/wp\/v2\/referent"}],"about":[{"href":"https:\/\/www.promarca.ch\/fr\/wp-json\/wp\/v2\/types\/referent"}],"wp:featuredmedia":[{"embeddable":true,"href":"https:\/\/www.promarca.ch\/fr\/wp-json\/wp\/v2\/media\/3886"}],"wp:attachment":[{"href":"https:\/\/www.promarca.ch\/fr\/wp-json\/wp\/v2\/media?parent=8145"}],"curies":[{"name":"wp","href":"https:\/\/api.w.org\/{rel}","templated":true}]}}

<p>Christian Baudis est l’heureux fondateur de plusieurs start-up européennes. Il a exercé pendant plus de 20 ans des fonctions de CEO dans le secteur européen des médias et d’Internet. Christian Baudis est administrateur de la Goethe Business School (GBS) de Francfort-sur-le-Main, membre de la commission consultative et professeur hôte du MBA proposé par l’école en transformation numérique. Il a étudié le management international à l’université Luigi Bocconi de Milan, puis à l’université Johann Wolfgang Goethe de Francfort. En 2014, il a fondé My Digital, une société d’innovation numérique qui aide les entreprises et les investisseurs à réussir le tournant du numérique.</p>

<!-- This site is optimized with the Yoast SEO plugin v27.5 - https://yoast.com/product/yoast-seo-wordpress/ -->
<title>Christian Baudis - Promarca</title>
<meta name="robots" content="index, follow, max-snippet:-1, max-image-preview:large, max-video-preview:-1" />
<link rel="canonical" href="https://www.promarca.ch/fr/referent/christian-baudis/" />
<meta property="og:locale" content="fr_FR" />
<meta property="og:type" content="article" />
<meta property="og:title" content="Christian Baudis - Promarca" />
<meta property="og:description" content="Christian Baudis est l’heureux fondateur de plusieurs start-up européennes. Il a exercé pendant plus de 20 ans des fonctions de CEO dans le secteur européen des médias et d’Internet. Christian Baudis est administrateur de la Goethe Business School (GBS) de Francfort-sur-le-Main, membre de la commission consultative et professeur hôte du MBA proposé par l’école en [&hellip;]" />
<meta property="og:url" content="https://www.promarca.ch/fr/referent/christian-baudis/" />
<meta property="og:site_name" content="Promarca" />
<meta property="article:modified_time" content="2020-08-25T13:50:55+00:00" />
<meta property="og:image" content="https://www.promarca.ch/wp-content/uploads/2020/05/Christian_Baudis.jpg" />
	<meta property="og:image:width" content="2000" />
	<meta property="og:image:height" content="1501" />
	<meta property="og:image:type" content="image/jpeg" />
<meta name="twitter:card" content="summary_large_image" />
<meta name="twitter:label1" content="Durée de lecture estimée" />
	<meta name="twitter:data1" content="1 minute" />
<script type="application/ld+json" class="yoast-schema-graph">{"@context":"https:\/\/schema.org","@graph":[{"@type":"WebPage","@id":"https:\/\/www.promarca.ch\/fr\/referent\/christian-baudis\/","url":"https:\/\/www.promarca.ch\/fr\/referent\/christian-baudis\/","name":"Christian Baudis - Promarca","isPartOf":{"@id":"https:\/\/www.promarca.ch\/fr\/#website"},"primaryImageOfPage":{"@id":"https:\/\/www.promarca.ch\/fr\/referent\/christian-baudis\/#primaryimage"},"image":{"@id":"https:\/\/www.promarca.ch\/fr\/referent\/christian-baudis\/#primaryimage"},"thumbnailUrl":"https:\/\/www.promarca.ch\/wp-content\/uploads\/2020\/05\/Christian_Baudis.jpg","datePublished":"2020-07-15T09:57:12+00:00","dateModified":"2020-08-25T13:50:55+00:00","breadcrumb":{"@id":"https:\/\/www.promarca.ch\/fr\/referent\/christian-baudis\/#breadcrumb"},"inLanguage":"fr-FR","potentialAction":[{"@type":"ReadAction","target":["https:\/\/www.promarca.ch\/fr\/referent\/christian-baudis\/"]}]},{"@type":"ImageObject","inLanguage":"fr-FR","@id":"https:\/\/www.promarca.ch\/fr\/referent\/christian-baudis\/#primaryimage","url":"https:\/\/www.promarca.ch\/wp-content\/uploads\/2020\/05\/Christian_Baudis.jpg","contentUrl":"https:\/\/www.promarca.ch\/wp-content\/uploads\/2020\/05\/Christian_Baudis.jpg","width":2000,"height":1501},{"@type":"BreadcrumbList","@id":"https:\/\/www.promarca.ch\/fr\/referent\/christian-baudis\/#breadcrumb","itemListElement":[{"@type":"ListItem","position":1,"name":"Home","item":"https:\/\/www.promarca.ch\/fr\/"},{"@type":"ListItem","position":2,"name":"Referenten","item":"https:\/\/www.promarca.ch\/fr\/referent\/"},{"@type":"ListItem","position":3,"name":"Christian Baudis"}]},{"@type":"WebSite","@id":"https:\/\/www.promarca.ch\/fr\/#website","url":"https:\/\/www.promarca.ch\/fr\/","name":"Promarca","description":"Schweizerischer Markenartikelverband","potentialAction":[{"@type":"SearchAction","target":{"@type":"EntryPoint","urlTemplate":"https:\/\/www.promarca.ch\/fr\/?s={search_term_string}"},"query-input":{"@type":"PropertyValueSpecification","valueRequired":true,"valueName":"search_term_string"}}],"inLanguage":"fr-FR"}]}</script>
<!-- / Yoast SEO plugin. -->

Christian Baudis est l’heureux fondateur de plusieurs start-up européennes. Il a exercé pendant plus de 20 ans des fonctions de CEO dans le secteur européen des médias et d’Internet. Christian Baudis est administrateur de la Goethe Business School (GBS) de Francfort-sur-le-Main, membre de la commission consultative et professeur hôte du MBA proposé par l’école en [&hellip;]
